{"id":10,"date":"2025-08-21T15:18:56","date_gmt":"2025-08-21T18:18:56","guid":{"rendered":"https:\/\/grupo.misticacosmeticos.com.br\/?page_id=10"},"modified":"2025-08-21T18:27:06","modified_gmt":"2025-08-21T21:27:06","slug":"grupo-whatsapp","status":"publish","type":"page","link":"https:\/\/grupo.misticacosmeticos.com.br\/","title":{"rendered":"Grupo Whatsapp"},"content":{"rendered":"\t\t<div data-elementor-type=\"wp-page\" data-elementor-id=\"10\" class=\"elementor elementor-10\" data-elementor-post-type=\"page\">\n\t\t\t\t<div class=\"elementor-element elementor-element-8459bd5 e-con-full e-flex e-con e-parent\" data-id=\"8459bd5\" data-element_type=\"container\" data-settings=\"{&quot;content_width&quot;:&quot;full&quot;}\" data-core-v316-plus=\"true\">\n\t\t\t\t<div class=\"elementor-element elementor-element-6d69a0e elementor-widget elementor-widget-html\" data-id=\"6d69a0e\" data-element_type=\"widget\" data-widget_type=\"html.default\">\n\t\t\t\t<div class=\"elementor-widget-container\">\n\t\t\t<!DOCTYPE html>\r\n<html lang=\"pt-br\">\r\n<head>\r\n    <meta charset=\"UTF-8\">\r\n    <meta name=\"viewport\" content=\"width=device-width, initial-scale=1.0\">\r\n    <title>Mistica Cosm\u00e9ticos<\/title>\r\n<\/head>\r\n<body class=\"min-h-screen bg-gradient-to-br from-white via-rose-50 to-amber-50\">\r\n\r\n    <!-- HEADER -->\r\n    <header class=\"relative overflow-hidden\">\r\n        <div class=\"absolute inset-0 bg-gradient-to-r from-rose-400\/20 via-pink-400\/20 to-amber-400\/20 blur-3xl\"><\/div>\r\n        <div class=\"relative container mx-auto px-4 py-8\">\r\n            <div class=\"flex justify-center\">\r\n                <div class=\"flex items-center gap-3\">\r\n                    <div class=\"w-12 h-12 bg-gradient-to-br from-rose-500 to-amber-500 rounded-2xl flex items-center justify-center shadow-lg\">\r\n                        <svg xmlns=\"http:\/\/www.w3.org\/2000\/svg\" width=\"24\" height=\"24\" viewBox=\"0 0 24 24\" fill=\"none\" stroke=\"currentColor\" stroke-width=\"2\" stroke-linecap=\"round\" stroke-linejoin=\"round\" class=\"w-7 h-7 text-white\"><path d=\"M11.562 3.266a.5.5 0 0 1 .876 0L15.39 8.87a1 1 0 0 0 1.516.294L21.183 5.5a.5.5 0 0 1 .798.519l-2.834 10.246a1 1 0 0 1-.956.734H5.81a1 1 0 0 1-.957-.734L2.02 6.02a.5.5 0 0 1 .798-.519l4.276 3.664a1 1 0 0 0 1.516-.294z\"><\/path><path d=\"M5 21h14\"><\/path><\/svg>\r\n                    <\/div>\r\n                    <div>\r\n                        <h1 class=\"text-2xl font-bold bg-gradient-to-r from-rose-600 to-amber-600 bg-clip-text text-transparent\">Mistica Cosm\u00e9ticos<\/h1>\r\n                        <p class=\"text-sm text-gray-600 font-medium\">Produtos Profissionais<\/p>\r\n                    <\/div>\r\n                <\/div>\r\n            <\/div>\r\n        <\/div>\r\n    <\/header>\r\n\r\n    <!-- HERO SECTION -->\r\n    <section class=\"container mx-auto px-4 py-8\">\r\n        <div class=\"transform transition-all duration-1000\">\r\n            <div class=\"flex justify-center mb-6\">\r\n                <div class=\"inline-flex items-center rounded-full border bg-gradient-to-r from-rose-500 to-pink-500 text-white px-6 py-2 text-lg font-bold shadow-lg animate-pulse\">\r\n                    <svg xmlns=\"http:\/\/www.w3.org\/2000\/svg\" width=\"24\" height=\"24\" viewBox=\"0 0 24 24\" fill=\"none\" stroke=\"currentColor\" stroke-width=\"2\" stroke-linecap=\"round\" stroke-linejoin=\"round\" class=\"w-5 h-5 mr-2\"><path d=\"M9.937 15.5A2 2 0 0 0 8.5 14.063l-6.135-1.582a.5.5 0 0 1 0-.962L8.5 9.936A2 2 0 0 0 9.937 8.5l1.582-6.135a.5.5 0 0 1 .963 0L14.063 8.5A2 2 0 0 0 15.5 9.937l6.135 1.581a.5.5 0 0 1 0 .964L15.5 14.063a2 2 0 0 0-1.437 1.437l-1.582 6.135a.5.5 0 0 1-.963 0z\"><\/path><path d=\"M20 3v4\"><\/path><path d=\"M22 5h-4\"><\/path><path d=\"M4 17v2\"><\/path><path d=\"M5 18H3\"><\/path><\/svg>\r\n                    ATEN\u00c7\u00c3O PROFISSIONAIS DA BELEZA!\r\n                <\/div>\r\n            <\/div>\r\n            <div class=\"grid lg:grid-cols-2 gap-12 items-center mb-12\">\r\n                <div class=\"text-center lg:text-left space-y-8\">\r\n                    <h1 class=\"hero-section-title text-3xl sm:text-4xl md:text-5xl lg:text-6xl font-bold leading-tight\">\r\n                        <span class=\"bg-gradient-to-r from-rose-600 via-pink-600 to-amber-600 bg-clip-text text-transparent\">QUER GARANTIR<\/span><br>\r\n                        <span class=\"text-gray-900\">PRODUTOS PROFISSIONAIS<\/span><br>\r\n                        <span class=\"bg-gradient-to-r from-amber-500 to-rose-500 bg-clip-text text-transparent\">COM PRE\u00c7O DE F\u00c1BRICA<\/span>\r\n                    <\/h1>\r\n                    <div class=\"flex items-center justify-center lg:justify-start gap-2\">\r\n                        <div class=\"w-16 h-16 bg-gradient-to-br from-green-400 to-emerald-500 rounded-full flex items-center justify-center shadow-lg animate-bounce\">\r\n                            <span class=\"text-2xl font-bold text-white\">R$<\/span>\r\n                        <\/div>\r\n                        <div class=\"text-left\">\r\n                            <p class=\"text-3xl font-bold text-gray-900\">A PARTIR DE<\/p>\r\n                            <p class=\"price-text text-4xl font-bold bg-gradient-to-r from-green-500 to-emerald-500 bg-clip-text text-transparent\">10 REAIS!<\/p>\r\n                        <\/div>\r\n                    <\/div>\r\n                    <div class=\"bg-gradient-to-r from-rose-500\/10 via-pink-500\/10 to-amber-500\/10 p-6 rounded-2xl border border-rose-200\">\r\n                        <p class=\"text-xl font-semibold text-gray-800 flex items-center gap-2\">\r\n                            <span class=\"text-2xl\">\ud83d\udca5<\/span>Ofertas reais, com descontos imperd\u00edveis, direto no seu WhatsApp!\r\n                        <\/p>\r\n                    <\/div>\r\n                <\/div>\r\n                <div class=\"relative\">\r\n                    <div class=\"absolute inset-0 bg-gradient-to-br from-rose-400\/30 to-amber-400\/30 rounded-3xl blur-2xl transform rotate-6\"><\/div>\r\n                    <div class=\"relative bg-gradient-to-br from-white to-rose-50 rounded-3xl p-8 shadow-2xl border border-rose-100\">\r\n                        <img decoding=\"async\" src=\"https:\/\/grupo.misticacosmeticos.com.br\/wp-content\/uploads\/2025\/08\/Sem-Titulo-1.png\" alt=\"Mulher com cabelo liso e brilhante\" class=\"w-full h-96 object-cover rounded-2xl shadow-lg\">\r\n                        <div class=\"absolute -bottom-4 -right-4 bg-gradient-to-r from-rose-500 to-pink-500 rounded-2xl p-4 shadow-xl\">\r\n                            <div class=\"flex items-center gap-2 text-white\">\r\n                                <svg xmlns=\"http:\/\/www.w3.org\/2000\/svg\" width=\"24\" height=\"24\" viewBox=\"0 0 24 24\" fill=\"none\" stroke=\"currentColor\" stroke-width=\"2\" stroke-linecap=\"round\" stroke-linejoin=\"round\" class=\"w-5 h-5 fill-current\"><path d=\"M11.525 2.295a.53.53 0 0 1 .95 0l2.31 4.679a2.123 2.123 0 0 0 1.595 1.16l5.166.756a.53.53 0 0 1 .294.904l-3.736 3.638a2.123 2.123 0 0 0-.611 1.878l.882 5.14a.53.53 0 0 1-.771.56l-4.618-2.428a2.122 2.122 0 0 0-1.973 0L6.396 21.01a.53.53 0 0 1-.77-.56l.881-5.139a2.122 2.122 0 0 0-.611-1.879L2.16 9.795a.53.53 0 0 1 .294-.906l5.165-.755a2.122 2.122 0 0 0 1.597-1.16z\"><\/path><\/svg>\r\n                                <span class=\"font-bold\">Resultado Profissional<\/span>\r\n                            <\/div>\r\n                        <\/div>\r\n                    <\/div>\r\n                <\/div>\r\n            <\/div>\r\n        <\/div>\r\n    <\/section>\r\n\r\n    <!-- BENEFITS SECTION -->\r\n    <section class=\"container mx-auto px-4 py-12\">\r\n        <div class=\"grid grid-cols-1 md:grid-cols-2 lg:grid-cols-4 gap-6\">\r\n            <!-- Card 1 -->\r\n            <div class=\"rounded-lg relative overflow-hidden border-0 shadow-lg bg-gradient-to-br from-white to-rose-50 transform transition-all duration-500 hover:scale-105 hover:shadow-xl\">\r\n                <div class=\"p-6 relative\">\r\n                    <div class=\"w-12 h-12 bg-gradient-to-br from-rose-500 to-pink-500 rounded-xl flex items-center justify-center mb-4 shadow-lg text-white\">\r\n                        <svg xmlns=\"http:\/\/www.w3.org\/2000\/svg\" width=\"24\" height=\"24\" viewBox=\"0 0 24 24\" fill=\"none\" stroke=\"currentColor\" stroke-width=\"2\" stroke-linecap=\"round\" stroke-linejoin=\"round\" class=\"w-6 h-6\"><rect x=\"3\" y=\"8\" width=\"18\" height=\"4\" rx=\"1\"><\/rect><path d=\"M12 8v13\"><\/path><path d=\"M19 12v7a2 2 0 0 1-2 2H7a2 2 0 0 1-2-2v-7\"><\/path><path d=\"M7.5 8a2.5 2.5 0 0 1 0-5A4.8 8 0 0 1 12 8a4.8 8 0 0 1 4.5-5 2.5 2.5 0 0 1 0 5\"><\/path><\/svg>\r\n                    <\/div>\r\n                    <h3 class=\"text-lg font-bold text-gray-900 mb-2\">Ofertas reais<\/h3>\r\n                    <p class=\"text-gray-600 font-medium\">Com descontos imperd\u00edveis, direto no seu WhatsApp!<\/p>\r\n                <\/div>\r\n            <\/div>\r\n            <!-- Card 2 -->\r\n            <div class=\"rounded-lg relative overflow-hidden border-0 shadow-lg bg-gradient-to-br from-white to-rose-50 transform transition-all duration-500 hover:scale-105 hover:shadow-xl\">\r\n                <div class=\"p-6 relative\">\r\n                    <div class=\"w-12 h-12 bg-gradient-to-br from-rose-500 to-pink-500 rounded-xl flex items-center justify-center mb-4 shadow-lg text-white\">\r\n                        <svg xmlns=\"http:\/\/www.w3.org\/2000\/svg\" width=\"24\" height=\"24\" viewBox=\"0 0 24 24\" fill=\"none\" stroke=\"currentColor\" stroke-width=\"2\" stroke-linecap=\"round\" stroke-linejoin=\"round\" class=\"w-6 h-6\"><path d=\"M11 21.73a2 2 0 0 0 2 0l7-4A2 2 0 0 0 21 16V8a2 2 0 0 0-1-1.73l-7-4a2 2 0 0 0-2 0l-7 4A2 2 0 0 0 3 8v8a2 2 0 0 0 1 1.73z\"><\/path><path d=\"M12 22V12\"><\/path><path d=\"m3.3 7 7.703 4.734a2 2 0 0 0 1.994 0L20.7 7\"><\/path><path d=\"m7.5 4.27 9 5.15\"><\/path><\/svg>\r\n                    <\/div>\r\n                    <h3 class=\"text-lg font-bold text-gray-900 mb-2\">Promo\u00e7\u00f5es novas<\/h3>\r\n                    <p class=\"text-gray-600 font-medium\">Todos os dias<\/p>\r\n                <\/div>\r\n            <\/div>\r\n            <!-- Card 3 -->\r\n            <div class=\"rounded-lg relative overflow-hidden border-0 shadow-lg bg-gradient-to-br from-white to-rose-50 transform transition-all duration-500 hover:scale-105 hover:shadow-xl\">\r\n                <div class=\"p-6 relative\">\r\n                    <div class=\"w-12 h-12 bg-gradient-to-br from-rose-500 to-pink-500 rounded-xl flex items-center justify-center mb-4 shadow-lg text-white\">\r\n                        <svg xmlns=\"http:\/\/www.w3.org\/2000\/svg\" width=\"24\" height=\"24\" viewBox=\"0 0 24 24\" fill=\"none\" stroke=\"currentColor\" stroke-width=\"2\" stroke-linecap=\"round\" stroke-linejoin=\"round\" class=\"w-6 h-6\"><path d=\"M14 18V6a2 2 0 0 0-2-2H4a2 2 0 0 0-2 2v11a1 1 0 0 0 1 1h2\"><\/path><path d=\"M15 18H9\"><\/path><path d=\"M19 18h2a1 1 0 0 0 1-1v-3.65a1 1 0 0 0-.22-.624l-3.48-4.35A1 1 0 0 0 17.52 8H14\"><\/path><circle cx=\"17\" cy=\"18\" r=\"2\"><\/circle><circle cx=\"7\" cy=\"18\" r=\"2\"><\/circle><\/svg>\r\n                    <\/div>\r\n                    <h3 class=\"text-lg font-bold text-gray-900 mb-2\">Enviamos<\/h3>\r\n                    <p class=\"text-gray-600 font-medium\">Para todo o Brasil!<\/p>\r\n                <\/div>\r\n            <\/div>\r\n            <!-- Card 4 -->\r\n            <div class=\"rounded-lg relative overflow-hidden border-0 shadow-lg bg-gradient-to-br from-white to-rose-50 transform transition-all duration-500 hover:scale-105 hover:shadow-xl\">\r\n                <div class=\"p-6 relative\">\r\n                    <div class=\"w-12 h-12 bg-gradient-to-br from-rose-500 to-pink-500 rounded-xl flex items-center justify-center mb-4 shadow-lg text-white\">\r\n                        <svg xmlns=\"http:\/\/www.w3.org\/2000\/svg\" width=\"24\" height=\"24\" viewBox=\"0 0 24 24\" fill=\"none\" stroke=\"currentColor\" stroke-width=\"2\" stroke-linecap=\"round\" stroke-linejoin=\"round\" class=\"w-6 h-6\"><path d=\"M4 14a1 1 0 0 1-.78-1.63l9.9-10.2a.5.5 0 0 1 .86.46l-1.92 6.02A1 1 0 0 0 13 10h7a1 1 0 0 1 .78 1.63l-9.9 10.2a.5.5 0 0 1-.86-.46l1.92-6.02A1 1 0 0 0 11 14z\"><\/path><\/svg>\r\n                    <\/div>\r\n                    <h3 class=\"text-lg font-bold text-gray-900 mb-2\">Estoque limitado<\/h3>\r\n                    <p class=\"text-gray-600 font-medium\">E condi\u00e7\u00f5es exclusivas para quem est\u00e1 no grupo!<\/p>\r\n                <\/div>\r\n            <\/div>\r\n        <\/div>\r\n    <\/section>\r\n\r\n    <!-- FINAL CTA SECTION -->\r\n    <section class=\"container mx-auto px-4 py-16\">\r\n        <div class=\"max-w-4xl mx-auto text-center\">\r\n            <div class=\"bg-gradient-to-r from-gray-900 via-rose-900 to-gray-900 rounded-3xl p-12 shadow-2xl relative overflow-hidden\">\r\n                <div class=\"absolute inset-0 bg-gradient-to-r from-rose-600\/20 via-pink-600\/20 to-amber-600\/20 blur-3xl\"><\/div>\r\n                <div class=\"relative space-y-8\">\r\n                    <div class=\"flex justify-center\">\r\n                        <div class=\"flex items-center gap-3 bg-gradient-to-r from-rose-500 to-pink-500 px-6 py-3 rounded-full shadow-lg\">\r\n                            <svg xmlns=\"http:\/\/www.w3.org\/2000\/svg\" width=\"24\" height=\"24\" viewBox=\"0 0 24 24\" fill=\"none\" stroke=\"currentColor\" stroke-width=\"2\" stroke-linecap=\"round\" stroke-linejoin=\"round\" class=\"w-6 h-6 text-white animate-pulse\"><path d=\"M4 14a1 1 0 0 1-.78-1.63l9.9-10.2a.5.5 0 0 1 .86.46l-1.92 6.02A1 1 0 0 0 13 10h7a1 1 0 0 1 .78 1.63l-9.9 10.2a.5.5 0 0 1-.86-.46l1.92-6.02A1 1 0 0 0 11 14z\"><\/path><\/svg>\r\n                            <span class=\"text-white font-bold text-lg\">ESTOQUE LIMITADO<\/span>\r\n                        <\/div>\r\n                    <\/div>\r\n                    <h2 class=\"text-3xl md:text-4xl font-bold text-white mb-4\">\ud83d\ude80 Condi\u00e7\u00f5es exclusivas para quem est\u00e1 no grupo!<\/h2>\r\n                    <p class=\"text-xl text-rose-100 font-medium mb-8\">N\u00e3o perca essa oportunidade \u00fanica de ter acesso aos melhores produtos com pre\u00e7os imbat\u00edveis!<\/p>\r\n                    <a href=\"https:\/\/chat.whatsapp.com\/L3RIjABeGeXBxBvBafQC64?mode=ac_t%F0%9F%91%88\" \r\n   target=\"_blank\" class=\"final-cta-button inline-flex items-center justify-center gap-2 whitespace-nowrap h-10 bg-gradient-to-r from-green-500 via-emerald-500 to-green-600 hover:from-green-600 hover:via-emerald-600 hover:to-green-700 text-white text-lg md:text-2xl font-bold py-6 px-8 md:py-8 md:px-12 rounded-2xl shadow-2xl transform transition-all duration-300 hover:scale-105 border-0 w-full md:w-auto\">\r\n                        <svg xmlns=\"http:\/\/www.w3.org\/2000\/svg\" width=\"24\" height=\"24\" viewBox=\"0 0 24 24\" fill=\"none\" stroke=\"currentColor\" stroke-width=\"2\" stroke-linecap=\"round\" stroke-linejoin=\"round\" class=\"w-8 h-8 mr-3\"><path d=\"M7.9 20A9 9 0 1 0 4 16.1L2 22Z\"><\/path><\/svg>\r\n                        \ud83d\udc49 ENTRAR NO GRUPO\r\n                    <\/a>\r\n                    <div class=\"flex items-center justify-center gap-4 text-rose-100 mt-6\">\r\n                        <svg xmlns=\"http:\/\/www.w3.org\/2000\/svg\" width=\"24\" height=\"24\" viewBox=\"0 0 24 24\" fill=\"none\" stroke=\"currentColor\" stroke-width=\"2\" stroke-linecap=\"round\" stroke-linejoin=\"round\" class=\"w-5 h-5 text-rose-400 animate-pulse\"><path d=\"M19 14c1.49-1.46 3-3.21 3-5.5A5.5 5.5 0 0 0 16.5 3c-1.76 0-3 .5-4.5 2-1.5-1.5-2.74-2-4.5-2A5.5 5.5 0 0 0 2 8.5c0 2.3 1.5 4.05 3 5.5l7 7Z\"><\/path><\/svg>\r\n                        <span class=\"font-medium\">Junte-se a milhares de profissionais satisfeitos!<\/span>\r\n                        <svg xmlns=\"http:\/\/www.w3.org\/2000\/svg\" width=\"24\" height=\"24\" viewBox=\"0 0 24 24\" fill=\"none\" stroke=\"currentColor\" stroke-width=\"2\" stroke-linecap=\"round\" stroke-linejoin=\"round\" class=\"w-5 h-5 text-rose-400 animate-pulse\"><path d=\"M19 14c1.49-1.46 3-3.21 3-5.5A5.5 5.5 0 0 0 16.5 3c-1.76 0-3 .5-4.5 2-1.5-1.5-2.74-2-4.5-2A5.5 5.5 0 0 0 2 8.5c0 2.3 1.5 4.05 3 5.5l7 7Z\"><\/path><\/svg>\r\n                    <\/div>\r\n                <\/div>\r\n            <\/div>\r\n        <\/div>\r\n    <\/section>\r\n\r\n    <!-- FOOTER -->\r\n    <footer class=\"bg-gradient-to-r from-gray-900 to-rose-900 text-white py-8\">\r\n        <div class=\"container mx-auto px-4 text-center\">\r\n            <div class=\"flex items-center justify-center gap-3 mb-4\">\r\n                <div class=\"w-10 h-10 bg-gradient-to-br from-rose-500 to-amber-500 rounded-xl flex items-center justify-center shadow-lg\">\r\n                    <svg xmlns=\"http:\/\/www.w3.org\/2000\/svg\" width=\"24\" height=\"24\" viewBox=\"0 0 24 24\" fill=\"none\" stroke=\"currentColor\" stroke-width=\"2\" stroke-linecap=\"round\" stroke-linejoin=\"round\" class=\"w-6 h-6 text-white\"><path d=\"M11.562 3.266a.5.5 0 0 1 .876 0L15.39 8.87a1 1 0 0 0 1.516.294L21.183 5.5a.5.5 0 0 1 .798.519l-2.834 10.246a1 1 0 0 1-.956.734H5.81a1 1 0 0 1-.957-.734L2.02 6.02a.5.5 0 0 1 .798-.519l4.276 3.664a1 1 0 0 0 1.516-.294z\"><\/path><path d=\"M5 21h14\"><\/path><\/svg>\r\n                <\/div>\r\n                <h3 class=\"text-2xl font-bold bg-gradient-to-r from-rose-400 to-amber-400 bg-clip-text text-transparent\">Mistica Cosm\u00e9ticos<\/h3>\r\n            <\/div>\r\n            <p class=\"text-rose-100 font-medium\">Produtos profissionais de qualidade com pre\u00e7os exclusivos para profissionais da beleza<\/p>\r\n            <p class=\"text-rose-200 text-sm mt-4\">\u00a9 2025 Mistica Cosm\u00e9ticos. Todos os direitos reservados.<\/p>\r\n        <\/div>\r\n    <\/footer>\r\n\r\n<\/body>\r\n<\/html>\r\n\t\t<\/div>\n\t\t\t\t<\/div>\n\t\t\t\t<\/div>\n\t\t\t\t<\/div>\n\t\t","protected":false},"excerpt":{"rendered":"<p>Mistica Cosm\u00e9ticos Mistica Cosm\u00e9ticos Produtos Profissionais ATEN\u00c7\u00c3O PROFISSIONAIS DA BELEZA! QUER GARANTIR PRODUTOS PROFISSIONAIS COM PRE\u00c7O DE F\u00c1BRICA R$ A PARTIR DE 10 REAIS! \ud83d\udca5Ofertas reais, com descontos imperd\u00edveis, direto no seu WhatsApp! Resultado Profissional Ofertas reais Com descontos imperd\u00edveis, direto no seu WhatsApp! Promo\u00e7\u00f5es novas Todos os dias Enviamos Para todo o Brasil! Estoque [&hellip;]<\/p>\n","protected":false},"author":1,"featured_media":0,"parent":0,"menu_order":0,"comment_status":"closed","ping_status":"closed","template":"elementor_canvas","meta":{"footnotes":""},"class_list":["post-10","page","type-page","status-publish","hentry"],"_links":{"self":[{"href":"https:\/\/grupo.misticacosmeticos.com.br\/index.php\/wp-json\/wp\/v2\/pages\/10","targetHints":{"allow":["GET"]}}],"collection":[{"href":"https:\/\/grupo.misticacosmeticos.com.br\/index.php\/wp-json\/wp\/v2\/pages"}],"about":[{"href":"https:\/\/grupo.misticacosmeticos.com.br\/index.php\/wp-json\/wp\/v2\/types\/page"}],"author":[{"embeddable":true,"href":"https:\/\/grupo.misticacosmeticos.com.br\/index.php\/wp-json\/wp\/v2\/users\/1"}],"replies":[{"embeddable":true,"href":"https:\/\/grupo.misticacosmeticos.com.br\/index.php\/wp-json\/wp\/v2\/comments?post=10"}],"version-history":[{"count":107,"href":"https:\/\/grupo.misticacosmeticos.com.br\/index.php\/wp-json\/wp\/v2\/pages\/10\/revisions"}],"predecessor-version":[{"id":133,"href":"https:\/\/grupo.misticacosmeticos.com.br\/index.php\/wp-json\/wp\/v2\/pages\/10\/revisions\/133"}],"wp:attachment":[{"href":"https:\/\/grupo.misticacosmeticos.com.br\/index.php\/wp-json\/wp\/v2\/media?parent=10"}],"curies":[{"name":"wp","href":"https:\/\/api.w.org\/{rel}","templated":true}]}}